*3 - 14*y**2 + 11*y + 3. Let w = -5416 - -5422. Determine n(w).
-3
Let u(t) be the first derivative of t**4/4 + 2*t**3 - 9*t**2/2 - 11*t - 450. Determine u(-7).
3
Let i(o) be the third derivative of o**6/120 - o**5/6 + 5*o**4/8 - 4*o**3/3 + 7*o**2 + 71*o. What is i(8)?
-16
Let j(s) = -5*s + 34 - 195 + 25*s + 3*s. Determine j(7).
0
Suppose 5 = -3*x - 4. Let t(j) be the first derivative of j**2/2 + 5*j - 1768. What is t(x)?
2
Let f(a) = a**3 + 10*a**2 - 17*a. Let w(d) = -d**3 + 36*d**2 + 27*d + 372. Let r be w(37). What is f(r)?
14
Let g(j) be the second derivative of -j**3/3 + 3*j**2/2 - 10*j. Let d be 104/10 + 15/25. Suppose 0 = 8*s - 5 - d. Calculate g(s).
-1
Suppose -4*j + 0*y + 12 = -y, 4*j - 28 = 5*y. Suppose -19 = -3*m + q, 218*q = 2*m + 221*q + 13. Let k(t) = -j*t - 2*t**2 + 0 - t - m + 4*t**2. What is k(3)?
5
Let i(l) = 2*l**2 - 11*l - 5. Let n(c) = c**2 - 4*c - 6. Let t be n(6). Let j be i(t). Let p(o) = -21*o. Give p(j).
-21
Let d(u) = -4*u**2 - 6*u - 3. Let x(f) = -3*f**2 - 6*f - 3. Let m(b) = -2*d(b) + 3*x(b). Suppose 28*r - 3*r - 6975 = 0. Let a = -283 + r. Determine m(a).
5
Let g(n) be the first derivative of -n**3/6 - 11*n + 15. Let s(t) be the first derivative of g(t). Suppose 0 = -3*q + 15, 5*q + 0 = -4*r + 1. Calculate s(r).
6
Let n = -30479 - -30486. Let y = 5 + -5. Let t(k) = 0*k**3 + y*k**3 - 6*k**2 + k**3 - 10 - 8*k. Calculate t(n).
-17
Let f(a) = a - 2. Suppose -4*d = 1 - 21. Suppose -4*i - 53 = -3*j - 24, 4*i + d = -5*j. Determine f(j).
1
Let h(m) = m**3 + m**2 + 5*m - 1. Suppose -3*c - 9 = -3*q, 3*c + c = -2*q. Let v(o) = -13*o**3 + 2*o**2 + 5*o - 2. Let f(k) = c*h(k) + v(k). What is f(-1)?
14
Let z be 51/(-6)*2 + 2. Let j(l) = l**3 + 15*l**2 + 3*l + 40. Let d be j(z). Let h(b) = b + 2. Give h(d).
-3
Let b(g) be the second derivative of -2*g - g**2 - 11/6*g**3 + 1. What is b(-2)?
20
Let y(b) = b**3 - b. Let d(o) = 4*o**3 - 5*o**2 - 13*o + 1. Suppose -7*s = -11 + 4. Let l(m) = s*d(m) - 3*y(m). Determine l(7).
29
Let f(x) = 2*x**2 + 4*x - 1. Suppose 0 = -5*w - 4*m + 1, -26*w - m + 19 = -31*w. What is f(w)?
5
Suppose 2*m + 22*m - 144 = 0. Suppose -2*l + m = -3*j, -4*l - 3 - 9 = 0. Let t(x) = x**2 + 4*x + 12. What is t(j)?
12
Let k(t) = -3*t + 5. Let p(m) = m - 2. Let u(h) = -6*k(h) - 17*p(h). Let q(j) = 2*j + 9. Let o(r) = -6*q(r) + 13*u(r). Give o(-9).
-11
Suppose -2*x = -2*m + 11 - 3, 4*x = 5*m - 18. Let f(j) = 8*j - 2 + 2*j**3 - 8*j - j**3. What is f(m)?
6
Let k(p) = -p**2 - p**2 - 8*p + 3*p**2 + 7. Suppose -4*h - 3*m - 3 = 0, 0 = -h + m + m + 2. Suppose h = 949*n - 947*n - 16. Give k(n).
7
Suppose 0 = -23*u - 2737 + 69. Let t = 114 + u. Let v(b) = 6*b + 6. What is v(t)?
-6
Let a be (1/(2/3))/(4/40). Suppose a = 28*i + 183. Let x(o) = -2*o**2 - 9*o - 7. Give x(i).
-25
Let m(g) = g**3 - g**2 + 108*g - 349. Let d be m(3). Let y(o) = -o + 4. Give y(d).
11
Suppose 3*s - 27 = -4*o, 3*s - 1 = 2. Suppose -5*f - f + 66 = 0. Let x(b) = 0*b - 6 + f + 5*b - 4*b. Give x(o).
11
Let g(x) = -x**2 + 20*x + 5. Let y = 2979 - 2960. Give g(y).
24
Let x(l) = -54796*l + 109586*l - 54796*l - 36 + l**2. Give x(9).
-9
Let s = 31 - 38. Let l be ((-4)/s)/((32/28)/4). Suppose 3*t - 22 = l*v, 3*t + 11 + 2 = -5*v. Let j(z) = -z**3 + 5*z**2 - 3*z - 3. What is j(t)?
1
Let r(y) = y**2 + 9*y - 9. Let z = 3419 - 2429. Let n = 980 - z. What is r(n)?
1
Let o(a) be the third derivative of -a**6/60 - a**5/12 - a**4/6 + a**3/3 + 127*a**2. What is o(-2)?
6
Let n be (-11 - 413/(-35))*-5. Let d(z) = -z**3 - 3*z**2 + 5*z + 4. Calculate d(n).
0
Let y(m) be the second derivative of -77*m - m**2 - 1/6*m**3 + 0. Give y(-9).
7
Let v(d) be the third derivative of 7*d**4/24 + 25*d**3/6 - 27*d**2 + 4. Give v(-2).
11
Let o(t) = -4*t**2 - 3*t + 6. Suppose 4*i + 26 = -2*k, 50*k - 49*k + 23 = -4*i. Determine o(i).
-79
Let b(t) be the third derivative of -t**4/3 - 42*t**3 + 2*t**2 - 72*t. Let u be b(-33). Let l(y) = -y**3 + 11*y**2 + 12*y + 17. Give l(u).
17
Let c(w) = -11*w - 83. Let h(i) = -382*i - 8. Let d be h(0). What is c(d)?
5
Let r(x) = -3*x**2 - x - 2. Let f(p) = 7*p**2 + 2*p + 3. Let q(c) = c**3 + 21*c**2 - 48*c - 49. Let a be q(-23). Let i(b) = a*f(b) - 5*r(b). Calculate i(1).
-6
Suppose -176 = -h - 178. Let a(c) be the first derivative of c**4/4 - c**2/2 + 2*c + 26. What is a(h)?
-4
Suppose 14 + 10 = 4*n. Let g(w) = n*w + 12 - 104*w**2 + 95*w**2 - 3 + w**3. Calculate g(8).
-7
Let s(p) be the third derivative of -1/60*p**5 + 1/24*p**4 - 1/6*p**3 - 1 + 0*p - 8*p**2. Suppose 2*g = -4*n + 2, 4*g = n - 2 + 6. Calculate s(n).
-1
Let x = -147 + 145. Let f(q) = 2 + 0 - 5 + 4. Let h(l) = -l - 7. Let a(c) = -6*f(c) - h(c). What is a(x)?
-1
Let o(l) = l**2 - 3. Let q be ((-6)/(2 - 0))/((-27)/36). Suppose 7 + 20 = 5*w + q*u, w + 2*u - 9 = 0. What is o(w)?
6
Let t(g) = g - 1. Suppose -120 = 28*b - 31*b. Suppose 5*m = b - 10. Let p be (-4)/m + (-48)/9. Determine t(p).
-7
Let m be (-2 + 2)/(-1) + 2. Let j(l) = 1 + 2*l - 4*l + l**m + 8*l. Suppose 0 = -4*y - 11*p + 12*p - 16, -y = 3*p + 17. Give j(y).
-4
Let p(f) = 17*f + 22. Let w be 1*4 + 11/(44/(-24)). Let z(s) = -3*s - 4. Let b(l) = w*p(l) - 11*z(l). What is b(-3)?
3
Let b = 263 - 234. Let r(i) = 22 - 56 + 3*i + b - 4*i. Determine r(0).
-5
Let a(n) be the second derivative of n**5/40 + n**4/24 - 86*n**3/3 - 159*n. Let i(j) be the second derivative of a(j). Determine i(-1).
-2
Let q(d) = -19*d - 6. Let k(r) = r + 1. Let x(w) = 5*k(w) + q(w). Let v = -27 + -7. Let h = 33 + v. Determine x(h).
13
Let v(s) = s**3 + 4*s**2 - 12*s + 8. Let f = 195 - 201. Let k be v(f). Let t(y) = y**2 - 9*y - 1. What is t(k)?
-9
Let n(r) be the second derivative of -r**5/20 + r**4/3 + 5*r**3/3 + 4*r**2 + r - 149. Give n(6).
-4
Suppose 3*t = -5*o + 7, -3*o + 3*t + 4 = -5. Let s(k) = 5*k**2 - 3*k**o - k**2 + 8*k. Let z be -15 + ((-1)/(-3))/(9/243). Determine s(z).
-12
Let j be ((-8)/(-12))/((-4)/(-42)). Let h = j + -4. Let k(l) be the third derivative of l**5/60 - l**4/6 + l**3/3 - l**2 + 176. Calculate k(h).
-1
Let t(r) = -2*r**2 + 2*r + 4. Let z(c) = c**3 + 8*c**2 + 14*c + 18. Let d be z(-6). Let u be 2/((-8)/d)*(-8)/(-4). Give t(u).
-20
Let w(z) = -3*z**3 + 8*z**2 + 3*z + 3. Let f(x) = -x**3 + x**2 + x + 1. Let p(y) = 2*f(y) - w(y). Let m(g) = -719*g - 5027. Let j be m(-7). Give p(j).
-7
Let t = 293 - 234. Let l(v) = 110 - 59 - v - t. Calculate l(7).
-15
Let f(c) = 16*c**2 - 193*c + 80. Let k(x) = 13*x**2 - 158*x + 64. Let w(p) = 9*f(p) - 11*k(p). Suppose -4*g + 3*n + 12 = 0, 3*n + 5 = -7. What is w(g)?
16
Let o be (-4 + (-7 - 0))*24/(-24). Let s(q) = q**2 - 16*q + 41. Calculate s(o).
-14
Suppose 0 = 760*v - 745*v + 145 - 40. Let h(j) = 0*j**2 - j**2 - 2*j**3 + j**3 - 8 - 6*j**2. Give h(v).
-8
Let j(n) = -174 + 5*n**2 + 2*n + 65 + 63 + 4*n + 53. What is j(-1)?
6
Let z(o) = 3*o + 16. Suppose 2190 = -6*y + 12*y. Let k = -370 + y. What is z(k)?
1
Let g(f) = -f. Let u be g(-3). Let c = 183 - 162. Suppose -4*x + 8*l = u*l + 28, -3*x = 4*l + c. Let v(m) = -m**2 - 7*m - 4. Give v(x).
-4
Suppose -3*f + 0*f = -k + 10, 5*f = -10. Let x(g) be the third derivative of -g**5/60 + 7*g**4/24 + 2*g**2. What is x(k)?
12
Let l(k) = -k**3 + 28*k**2 + 21*k - 12. Let p(w) = -w**3 + 33*w**2 + 23*w - 13. Let t(g) = 6*l(g) - 5*p(g). What is t(5)?
-2
Let y be (9/(-6))/((-4)/8). Let l(h) = y*h + 2*h**2 - 199 + 183 - h**2. What is l(-6)?
2
Suppose 2*k - 56 = 2*h, k + 1640 = 5*h + 1704. Let q(l) = l**3 - 21*l**2 + 33*l + 61. What is q(k)?
-34
Let m(a) be the second derivative of -a**5/20 + a**4/2 + a**3/3 + 5*a**2 + 29*a - 24. What is m(5)?
45
Let n(z) = -12*z - 804. Let r be n(-68). Let h(s) = 4*s - 45. What is h(r)?
3
Suppose -3*y - 4*m = -18, 2*y - 1 = 6*y - 3*m. Let g = 63 - 58. Let i(j) = -1 + j**3 + 1 + 2*j**2 + 3*j - g*j**2 - 3. What is i(y)?
-1
Let s(l) = l - 14. Let c(p) = -37. Let m(r) = c(r) - 3*s(r). Let q = 4 - 2. Suppose q*y - 11 = -3. What is m(y)?
-7
Let c(m) = 3*m + 3. Let u = -3745 + 3740. Let i(a) be the third derivative of -a**6/120 - a**5/10 - 7*a**4/24 - 7*a**3/6 + a**2. Let z be i(u). What is c(z)?
12
Let n(s) = s**2 + 3*s + 4. Let y(g) be the first derivative of -g**3/3 + g**2/2 + 3*g - 30. Suppose -4 = 4*u - 2*u. Let m be y(u). Give n(m).
4
Let r(t) be the second derivative of -21*t**5/20 + t**4/12 - t**2/2 - 3*t + 348. What is r(1)?
-21
Let j = 1